{"id":30010,"date":"2025-10-07T13:28:43","date_gmt":"2025-10-07T11:28:43","guid":{"rendered":"https:\/\/morera.paeria.cat\/constellacions\/obra\/5400\/"},"modified":"2026-01-26T10:27:29","modified_gmt":"2026-01-26T09:27:29","slug":"5400","status":"publish","type":"obra","link":"https:\/\/morera.paeria.cat\/constellacions\/obra\/5400\/","title":{"rendered":"La Feria de Neuilly. Sensaciones fr\u00edvolas de Par\u00eds (G. Mart\u00ednez Sierra)"},"content":{"rendered":"","protected":false},"featured_media":0,"template":"","meta":{"_acf_changed":false,"inline_featured_image":false},"class_list":["post-30010","obra","type-obra","status-publish","hentry"],"acf":[],"_links":{"self":[{"href":"https:\/\/morera.paeria.cat\/constellacions\/wp-json\/wp\/v2\/obra\/30010","targetHints":{"allow":["GET"]}}],"collection":[{"href":"https:\/\/morera.paeria.cat\/constellacions\/wp-json\/wp\/v2\/obra"}],"about":[{"href":"https:\/\/morera.paeria.cat\/constellacions\/wp-json\/wp\/v2\/types\/obra"}],"wp:attachment":[{"href":"https:\/\/morera.paeria.cat\/constellacions\/wp-json\/wp\/v2\/media?parent=30010"}],"curies":[{"name":"wp","href":"https:\/\/api.w.org\/{rel}","templated":true}]}}

La Feria de Neuilly. Sensaciones frívolas de París (G. Martínez Sierra)
